{"id":9,"date":"2023-02-08T16:03:28","date_gmt":"2023-02-08T16:03:28","guid":{"rendered":"https:\/\/2m-entornosinteractivos.com\/ceipmenuts\/?page_id=9"},"modified":"2023-04-18T09:11:31","modified_gmt":"2023-04-18T09:11:31","slug":"inicio-2","status":"publish","type":"page","link":"https:\/\/2m-entornosinteractivos.com\/ceipmenuts\/","title":{"rendered":"Inicio"},"content":{"rendered":"\t\t<div data-elementor-type=\"wp-page\" data-elementor-id=\"9\" class=\"elementor elementor-9\">\n\t\t\t\t\t\t\t\t\t<section class=\"elementor-section elementor-top-section elementor-element elementor-element-e51fb4a elementor-section-height-full elementor-section-items-stretch elementor-section-content-middle elementor-section-full_width elementor-section-height-default\" data-id=\"e51fb4a\" data-element_type=\"section\" data-settings=\"{&quot;background_background&quot;:&quot;classic&quot;}\">\n\t\t\t\t\t\t<div class=\"elementor-container elementor-column-gap-no\">\n\t\t\t\t\t<div class=\"elementor-column elementor-col-33 elementor-top-column elementor-element elementor-element-bca36ca\" data-id=\"bca36ca\" data-element_type=\"column\">\n\t\t\t<div class=\"elementor-widget-wrap elementor-element-populated\">\n\t\t\t\t\t\t\t\t<div class=\"elementor-element elementor-element-d87a0a3 elementor-widget elementor-widget-spacer\" data-id=\"d87a0a3\" data-element_type=\"widget\" data-widget_type=\"spacer.default\">\n\t\t\t\t<div class=\"elementor-widget-container\">\n\t\t\t<style>\/*! elementor - v3.10.2 - 29-01-2023 *\/\n.elementor-column .elementor-spacer-inner{height:var(--spacer-size)}.e-con{--container-widget-width:100%}.e-con-inner>.elementor-widget-spacer,.e-con>.elementor-widget-spacer{width:var(--container-widget-width,var(--spacer-size));--align-self:var(--container-widget-align-self,initial);--flex-shrink:0}.e-con-inner>.elementor-widget-spacer>.elementor-widget-container,.e-con-inner>.elementor-widget-spacer>.elementor-widget-container>.elementor-spacer,.e-con>.elementor-widget-spacer>.elementor-widget-container,.e-con>.elementor-widget-spacer>.elementor-widget-container>.elementor-spacer{height:100%}.e-con-inner>.elementor-widget-spacer>.elementor-widget-container>.elementor-spacer>.elementor-spacer-inner,.e-con>.elementor-widget-spacer>.elementor-widget-container>.elementor-spacer>.elementor-spacer-inner{height:var(--container-widget-height,var(--spacer-size))}<\/style>\t\t<div class=\"elementor-spacer\">\n\t\t\t<div class=\"elementor-spacer-inner\"><\/div>\n\t\t<\/div>\n\t\t\t\t<\/div>\n\t\t\t\t<\/div>\n\t\t\t\t<div class=\"elementor-element elementor-element-efe5ced elementor-hidden-tablet elementor-hidden-mobile_extra elementor-widget elementor-widget-heading\" data-id=\"efe5ced\" data-element_type=\"widget\" data-widget_type=\"heading.default\">\n\t\t\t\t<div class=\"elementor-widget-container\">\n\t\t\t<style>\/*! elementor - v3.10.2 - 29-01-2023 *\/\n.elementor-heading-title{padding:0;margin:0;line-height:1}.elementor-widget-heading .elementor-heading-title[class*=elementor-size-]>a{color:inherit;font-size:inherit;line-height:inherit}.elementor-widget-heading .elementor-heading-title.elementor-size-small{font-size:15px}.elementor-widget-heading .elementor-heading-title.elementor-size-medium{font-size:19px}.elementor-widget-heading .elementor-heading-title.elementor-size-large{font-size:29px}.elementor-widget-heading .elementor-heading-title.elementor-size-xl{font-size:39px}.elementor-widget-heading .elementor-heading-title.elementor-size-xxl{font-size:59px}<\/style><h2 class=\"elementor-heading-title elementor-size-xxl\">Conoce nuestra escuela<\/h2>\t\t<\/div>\n\t\t\t\t<\/div>\n\t\t\t\t<div class=\"elementor-element elementor-element-5f68d9a elementor-hidden-desktop elementor-hidden-laptop elementor-hidden-mobile elementor-widget elementor-widget-heading\" data-id=\"5f68d9a\" data-element_type=\"widget\" data-widget_type=\"heading.default\">\n\t\t\t\t<div class=\"elementor-widget-container\">\n\t\t\t<h2 class=\"elementor-heading-title elementor-size-large\">Conoce nuestra escuela<\/h2>\t\t<\/div>\n\t\t\t\t<\/div>\n\t\t\t\t<div class=\"elementor-element elementor-element-e051aeb elementor-widget elementor-widget-text-editor\" data-id=\"e051aeb\" data-element_type=\"widget\" data-widget_type=\"text-editor.default\">\n\t\t\t\t<div class=\"elementor-widget-container\">\n\t\t\t<style>\/*! elementor - v3.10.2 - 29-01-2023 *\/\n.elementor-widget-text-editor.elementor-drop-cap-view-stacked .elementor-drop-cap{background-color:#818a91;color:#fff}.elementor-widget-text-editor.elementor-drop-cap-view-framed .elementor-drop-cap{color:#818a91;border:3px solid;background-color:transparent}.elementor-widget-text-editor:not(.elementor-drop-cap-view-default) .elementor-drop-cap{margin-top:8px}.elementor-widget-text-editor:not(.elementor-drop-cap-view-default) .elementor-drop-cap-letter{width:1em;height:1em}.elementor-widget-text-editor .elementor-drop-cap{float:left;text-align:center;line-height:1;font-size:50px}.elementor-widget-text-editor .elementor-drop-cap-letter{display:inline-block}<\/style>\t\t\t\t<p>Ven a conocer nuestros ambientes y a nuestro equipo.<\/p>\t\t\t\t\t\t<\/div>\n\t\t\t\t<\/div>\n\t\t\t\t<div class=\"elementor-element elementor-element-7104208 elementor-tablet-align-center elementor-widget elementor-widget-button\" data-id=\"7104208\" data-element_type=\"widget\" data-widget_type=\"button.default\">\n\t\t\t\t<div class=\"elementor-widget-container\">\n\t\t\t\t\t<div class=\"elementor-button-wrapper\">\n\t\t\t<a href=\"http:\/\/2m-entornosinteractivos.com\/ceipmenuts\/index.php\/instalaciones\/\" target=\"_blank\" class=\"elementor-button-link elementor-button elementor-size-sm\" role=\"button\">\n\t\t\t\t\t\t<span class=\"elementor-button-content-wrapper\">\n\t\t\t\t\t\t<span class=\"elementor-button-text\">Visita nuestras instalaciones<\/span>\n\t\t<\/span>\n\t\t\t\t\t<\/a>\n\t\t<\/div>\n\t\t\t\t<\/div>\n\t\t\t\t<\/div>\n\t\t\t\t<div class=\"elementor-element elementor-element-28633a1 elementor-hidden-mobile elementor-hidden-laptop elementor-hidden-tablet elementor-widget elementor-widget-spacer\" data-id=\"28633a1\" data-element_type=\"widget\" data-widget_type=\"spacer.default\">\n\t\t\t\t<div class=\"elementor-widget-container\">\n\t\t\t\t\t<div class=\"elementor-spacer\">\n\t\t\t<div class=\"elementor-spacer-inner\"><\/div>\n\t\t<\/div>\n\t\t\t\t<\/div>\n\t\t\t\t<\/div>\n\t\t\t\t\t<\/div>\n\t\t<\/div>\n\t\t\t\t<div class=\"elementor-column elementor-col-33 elementor-top-column elementor-element elementor-element-af03216 elementor-hidden-mobile\" data-id=\"af03216\" data-element_type=\"column\">\n\t\t\t<div class=\"elementor-widget-wrap\">\n\t\t\t\t\t\t\t\t\t<\/div>\n\t\t<\/div>\n\t\t\t\t<div class=\"elementor-column elementor-col-33 elementor-top-column elementor-element elementor-element-9574437 elementor-hidden-mobile\" data-id=\"9574437\" data-element_type=\"column\">\n\t\t\t<div class=\"elementor-widget-wrap\">\n\t\t\t\t\t\t\t\t\t<\/div>\n\t\t<\/div>\n\t\t\t\t\t\t\t<\/div>\n\t\t<\/section>\n\t\t\t\t<section class=\"elementor-section elementor-top-section elementor-element elementor-element-8de81da elementor-section-boxed elementor-section-height-default elementor-section-height-default\" data-id=\"8de81da\" data-element_type=\"section\" data-settings=\"{&quot;background_background&quot;:&quot;classic&quot;}\">\n\t\t\t\t\t\t<div class=\"elementor-container elementor-column-gap-default\">\n\t\t\t\t\t<div class=\"elementor-column elementor-col-100 elementor-top-column elementor-element elementor-element-6f06b84\" data-id=\"6f06b84\" data-element_type=\"column\">\n\t\t\t<div class=\"elementor-widget-wrap elementor-element-populated\">\n\t\t\t\t\t\t\t\t<div class=\"elementor-element elementor-element-7f1cb84 elementor-widget elementor-widget-heading\" data-id=\"7f1cb84\" data-element_type=\"widget\" data-widget_type=\"heading.default\">\n\t\t\t\t<div class=\"elementor-widget-container\">\n\t\t\t<h2 class=\"elementor-heading-title elementor-size-default\">Servicios del centro<\/h2>\t\t<\/div>\n\t\t\t\t<\/div>\n\t\t\t\t\t<\/div>\n\t\t<\/div>\n\t\t\t\t\t\t\t<\/div>\n\t\t<\/section>\n\t\t\t\t<section class=\"elementor-section elementor-top-section elementor-element elementor-element-98b6ccb elementor-section-height-min-height elementor-section-items-stretch elementor-section-content-top elementor-section-boxed elementor-section-height-default\" data-id=\"98b6ccb\" data-element_type=\"section\" data-settings=\"{&quot;background_background&quot;:&quot;classic&quot;}\">\n\t\t\t\t\t\t<div class=\"elementor-container elementor-column-gap-no\">\n\t\t\t\t\t<div class=\"elementor-column elementor-col-16 elementor-top-column elementor-element elementor-element-a7bfa9f\" data-id=\"a7bfa9f\" data-element_type=\"column\">\n\t\t\t<div class=\"elementor-widget-wrap elementor-element-populated\">\n\t\t\t\t\t\t\t\t<div class=\"elementor-element elementor-element-737af07 elementor-widget elementor-widget-image\" data-id=\"737af07\" data-element_type=\"widget\" data-widget_type=\"image.default\">\n\t\t\t\t<div class=\"elementor-widget-container\">\n\t\t\t<style>\/*! elementor - v3.10.2 - 29-01-2023 *\/\n.elementor-widget-image{text-align:center}.elementor-widget-image a{display:inline-block}.elementor-widget-image a img[src$=\".svg\"]{width:48px}.elementor-widget-image img{vertical-align:middle;display:inline-block}<\/style>\t\t\t\t\t\t\t\t\t\t\t\t\t<a href=\"http:\/\/2m-entornosinteractivos.com\/ceipmenuts\/index.php\/instalaciones\/\">\n\t\t\t\t\t\t\t<img decoding=\"async\" width=\"150\" height=\"150\" src=\"https:\/\/2m-entornosinteractivos.com\/ceipmenuts\/wp-content\/uploads\/2023\/03\/school-150x150.png\" class=\"attachment-thumbnail size-thumbnail wp-image-593\" alt=\"\" loading=\"lazy\" srcset=\"https:\/\/2m-entornosinteractivos.com\/ceipmenuts\/wp-content\/uploads\/2023\/03\/school-150x150.png 150w, https:\/\/2m-entornosinteractivos.com\/ceipmenuts\/wp-content\/uploads\/2023\/03\/school-300x300.png 300w, https:\/\/2m-entornosinteractivos.com\/ceipmenuts\/wp-content\/uploads\/2023\/03\/school.png 512w\" sizes=\"(max-width: 150px) 100vw, 150px\" \/>\t\t\t\t\t\t\t\t<\/a>\n\t\t\t\t\t\t\t\t\t\t\t\t\t\t\t<\/div>\n\t\t\t\t<\/div>\n\t\t\t\t<div class=\"elementor-element elementor-element-8e85c0e elementor-widget elementor-widget-text-editor\" data-id=\"8e85c0e\" data-element_type=\"widget\" data-widget_type=\"text-editor.default\">\n\t\t\t\t<div class=\"elementor-widget-container\">\n\t\t\t\t\t\t\t<p>Nuestra escuela sigue el calendario escolar de la Conselleria de Educaci\u00f3n de Valencia , Este va de septiembre a junio.<\/p>\t\t\t\t\t\t<\/div>\n\t\t\t\t<\/div>\n\t\t\t\t\t<\/div>\n\t\t<\/div>\n\t\t\t\t<div class=\"elementor-column elementor-col-16 elementor-top-column elementor-element elementor-element-bd99ecd\" data-id=\"bd99ecd\" data-element_type=\"column\">\n\t\t\t<div class=\"elementor-widget-wrap elementor-element-populated\">\n\t\t\t\t\t\t\t\t<div class=\"elementor-element elementor-element-c2854cf elementor-widget elementor-widget-image\" data-id=\"c2854cf\" data-element_type=\"widget\" data-widget_type=\"image.default\">\n\t\t\t\t<div class=\"elementor-widget-container\">\n\t\t\t\t\t\t\t\t\t\t\t\t\t\t\t\t<a href=\"http:\/\/2m-entornosinteractivos.com\/ceipmenuts\/index.php\/guia-montessori-certificada-a-domicilio\/\">\n\t\t\t\t\t\t\t<img decoding=\"async\" width=\"150\" height=\"150\" src=\"https:\/\/2m-entornosinteractivos.com\/ceipmenuts\/wp-content\/uploads\/2023\/03\/priest-at-wedding-150x150.png\" class=\"attachment-thumbnail size-thumbnail wp-image-594\" alt=\"\" loading=\"lazy\" srcset=\"https:\/\/2m-entornosinteractivos.com\/ceipmenuts\/wp-content\/uploads\/2023\/03\/priest-at-wedding-150x150.png 150w, https:\/\/2m-entornosinteractivos.com\/ceipmenuts\/wp-content\/uploads\/2023\/03\/priest-at-wedding-300x300.png 300w, https:\/\/2m-entornosinteractivos.com\/ceipmenuts\/wp-content\/uploads\/2023\/03\/priest-at-wedding.png 512w\" sizes=\"(max-width: 150px) 100vw, 150px\" \/>\t\t\t\t\t\t\t\t<\/a>\n\t\t\t\t\t\t\t\t\t\t\t\t\t\t\t<\/div>\n\t\t\t\t<\/div>\n\t\t\t\t<div class=\"elementor-element elementor-element-50a77ee elementor-widget elementor-widget-text-editor\" data-id=\"50a77ee\" data-element_type=\"widget\" data-widget_type=\"text-editor.default\">\n\t\t\t\t<div class=\"elementor-widget-container\">\n\t\t\t\t\t\t\t<p>Ofrecemos sesiones de\u00a0acompa\u00f1amiento\u00a0para ni\u00f1os y ni\u00f1as en su desarrollo, tanto\u00a0f\u00edsico, emocional y psicol\u00f3gico.<\/p>\t\t\t\t\t\t<\/div>\n\t\t\t\t<\/div>\n\t\t\t\t\t<\/div>\n\t\t<\/div>\n\t\t\t\t<div class=\"elementor-column elementor-col-16 elementor-top-column elementor-element elementor-element-4113064\" data-id=\"4113064\" data-element_type=\"column\">\n\t\t\t<div class=\"elementor-widget-wrap elementor-element-populated\">\n\t\t\t\t\t\t\t\t<div class=\"elementor-element elementor-element-58b273f elementor-widget elementor-widget-image\" data-id=\"58b273f\" data-element_type=\"widget\" data-widget_type=\"image.default\">\n\t\t\t\t<div class=\"elementor-widget-container\">\n\t\t\t\t\t\t\t\t\t\t\t\t\t\t\t\t<a href=\"http:\/\/2m-entornosinteractivos.com\/ceipmenuts\/index.php\/comedor\/\" target=\"_blank\">\n\t\t\t\t\t\t\t<img decoding=\"async\" width=\"150\" height=\"150\" src=\"https:\/\/2m-entornosinteractivos.com\/ceipmenuts\/wp-content\/uploads\/2023\/03\/restaurant-cutlery-circular-symbol-of-a-spoon-and-a-fork-in-a-circle-150x150.png\" class=\"attachment-thumbnail size-thumbnail wp-image-595\" alt=\"\" loading=\"lazy\" srcset=\"https:\/\/2m-entornosinteractivos.com\/ceipmenuts\/wp-content\/uploads\/2023\/03\/restaurant-cutlery-circular-symbol-of-a-spoon-and-a-fork-in-a-circle-150x150.png 150w, https:\/\/2m-entornosinteractivos.com\/ceipmenuts\/wp-content\/uploads\/2023\/03\/restaurant-cutlery-circular-symbol-of-a-spoon-and-a-fork-in-a-circle-300x300.png 300w, https:\/\/2m-entornosinteractivos.com\/ceipmenuts\/wp-content\/uploads\/2023\/03\/restaurant-cutlery-circular-symbol-of-a-spoon-and-a-fork-in-a-circle.png 512w\" sizes=\"(max-width: 150px) 100vw, 150px\" \/>\t\t\t\t\t\t\t\t<\/a>\n\t\t\t\t\t\t\t\t\t\t\t\t\t\t\t<\/div>\n\t\t\t\t<\/div>\n\t\t\t\t<div class=\"elementor-element elementor-element-9f4f3da elementor-widget elementor-widget-text-editor\" data-id=\"9f4f3da\" data-element_type=\"widget\" data-widget_type=\"text-editor.default\">\n\t\t\t\t<div class=\"elementor-widget-container\">\n\t\t\t\t\t\t\t<p>Los men\u00fas se realizan mensualmente siempre basados en la dieta mediterr\u00e1nea, asegurando que sea equilibrado, sugerente y saludable. Adem\u00e1s son revisados por un nutricionista colegiado.<\/p>\t\t\t\t\t\t<\/div>\n\t\t\t\t<\/div>\n\t\t\t\t\t<\/div>\n\t\t<\/div>\n\t\t\t\t<div class=\"elementor-column elementor-col-16 elementor-top-column elementor-element elementor-element-38bfa60\" data-id=\"38bfa60\" data-element_type=\"column\">\n\t\t\t<div class=\"elementor-widget-wrap elementor-element-populated\">\n\t\t\t\t\t\t\t\t<div class=\"elementor-element elementor-element-291ee56 elementor-widget elementor-widget-image\" data-id=\"291ee56\" data-element_type=\"widget\" data-widget_type=\"image.default\">\n\t\t\t\t<div class=\"elementor-widget-container\">\n\t\t\t\t\t\t\t\t\t\t\t\t\t\t\t\t<a href=\"http:\/\/2m-entornosinteractivos.com\/ceipmenuts\/index.php\/escuela-de-ingles\/\">\n\t\t\t\t\t\t\t<img decoding=\"async\" width=\"150\" height=\"150\" src=\"https:\/\/2m-entornosinteractivos.com\/ceipmenuts\/wp-content\/uploads\/2023\/03\/teacher-lecture-in-front-an-auditory-150x150.png\" class=\"attachment-thumbnail size-thumbnail wp-image-596\" alt=\"\" loading=\"lazy\" srcset=\"https:\/\/2m-entornosinteractivos.com\/ceipmenuts\/wp-content\/uploads\/2023\/03\/teacher-lecture-in-front-an-auditory-150x150.png 150w, https:\/\/2m-entornosinteractivos.com\/ceipmenuts\/wp-content\/uploads\/2023\/03\/teacher-lecture-in-front-an-auditory-300x300.png 300w, https:\/\/2m-entornosinteractivos.com\/ceipmenuts\/wp-content\/uploads\/2023\/03\/teacher-lecture-in-front-an-auditory.png 512w\" sizes=\"(max-width: 150px) 100vw, 150px\" \/>\t\t\t\t\t\t\t\t<\/a>\n\t\t\t\t\t\t\t\t\t\t\t\t\t\t\t<\/div>\n\t\t\t\t<\/div>\n\t\t\t\t<div class=\"elementor-element elementor-element-7144157 elementor-widget elementor-widget-text-editor\" data-id=\"7144157\" data-element_type=\"widget\" data-widget_type=\"text-editor.default\">\n\t\t\t\t<div class=\"elementor-widget-container\">\n\t\t\t\t\t\t\t<p>Nuestras escuelas de vacaciones est\u00e1n basadas \u00a0en los principios Montessori de<strong><b>\u00a0<\/b><\/strong>independencia, sensibilidad cultural y aprendizaje pr\u00e1ctico<strong><b>, <\/b><\/strong>ofreciendo un profundo respeto por cada ni\u00f1o como individuo adem\u00e1s de cubrir el objetivo de la conciliaci\u00f3n familiar.<\/p>\t\t\t\t\t\t<\/div>\n\t\t\t\t<\/div>\n\t\t\t\t\t<\/div>\n\t\t<\/div>\n\t\t\t\t<div class=\"elementor-column elementor-col-16 elementor-top-column elementor-element elementor-element-505a3ca\" data-id=\"505a3ca\" data-element_type=\"column\">\n\t\t\t<div class=\"elementor-widget-wrap elementor-element-populated\">\n\t\t\t\t\t\t\t\t<div class=\"elementor-element elementor-element-48596b6 elementor-widget elementor-widget-image\" data-id=\"48596b6\" data-element_type=\"widget\" data-widget_type=\"image.default\">\n\t\t\t\t<div class=\"elementor-widget-container\">\n\t\t\t\t\t\t\t\t\t\t\t\t\t\t\t\t<a href=\"http:\/\/2m-entornosinteractivos.com\/ceipmenuts\/index.php\/extraescolares\/\">\n\t\t\t\t\t\t\t<img decoding=\"async\" width=\"150\" height=\"150\" src=\"https:\/\/2m-entornosinteractivos.com\/ceipmenuts\/wp-content\/uploads\/2023\/03\/e-book-outline-interface-symbol-in-a-circle-150x150.png\" class=\"attachment-thumbnail size-thumbnail wp-image-597\" alt=\"\" loading=\"lazy\" srcset=\"https:\/\/2m-entornosinteractivos.com\/ceipmenuts\/wp-content\/uploads\/2023\/03\/e-book-outline-interface-symbol-in-a-circle-150x150.png 150w, https:\/\/2m-entornosinteractivos.com\/ceipmenuts\/wp-content\/uploads\/2023\/03\/e-book-outline-interface-symbol-in-a-circle-300x300.png 300w, https:\/\/2m-entornosinteractivos.com\/ceipmenuts\/wp-content\/uploads\/2023\/03\/e-book-outline-interface-symbol-in-a-circle.png 512w\" sizes=\"(max-width: 150px) 100vw, 150px\" \/>\t\t\t\t\t\t\t\t<\/a>\n\t\t\t\t\t\t\t\t\t\t\t\t\t\t\t<\/div>\n\t\t\t\t<\/div>\n\t\t\t\t<div class=\"elementor-element elementor-element-272955f elementor-widget elementor-widget-text-editor\" data-id=\"272955f\" data-element_type=\"widget\" data-widget_type=\"text-editor.default\">\n\t\t\t\t<div class=\"elementor-widget-container\">\n\t\t\t\t\t\t\t<p>Disponemos de actividades para que los alumnos puedan desarrollar diversas aficiones tanto deportivas como culturales fuera del aula,tales como:<\/p>\t\t\t\t\t\t<\/div>\n\t\t\t\t<\/div>\n\t\t\t\t\t<\/div>\n\t\t<\/div>\n\t\t\t\t<div class=\"elementor-column elementor-col-16 elementor-top-column elementor-element elementor-element-df1b13d\" data-id=\"df1b13d\" data-element_type=\"column\">\n\t\t\t<div class=\"elementor-widget-wrap elementor-element-populated\">\n\t\t\t\t\t\t\t\t<div class=\"elementor-element elementor-element-d09b311 elementor-widget elementor-widget-image\" data-id=\"d09b311\" data-element_type=\"widget\" data-widget_type=\"image.default\">\n\t\t\t\t<div class=\"elementor-widget-container\">\n\t\t\t\t\t\t\t\t\t\t\t\t\t\t\t\t<a href=\"http:\/\/2m-entornosinteractivos.com\/ceipmenuts\/index.php\/pediatria-permanente\/\">\n\t\t\t\t\t\t\t<img decoding=\"async\" width=\"150\" height=\"150\" src=\"https:\/\/2m-entornosinteractivos.com\/ceipmenuts\/wp-content\/uploads\/2023\/03\/stethoscope-medical-tool-150x150.png\" class=\"attachment-thumbnail size-thumbnail wp-image-688\" alt=\"\" loading=\"lazy\" srcset=\"https:\/\/2m-entornosinteractivos.com\/ceipmenuts\/wp-content\/uploads\/2023\/03\/stethoscope-medical-tool-150x150.png 150w, https:\/\/2m-entornosinteractivos.com\/ceipmenuts\/wp-content\/uploads\/2023\/03\/stethoscope-medical-tool-300x300.png 300w, https:\/\/2m-entornosinteractivos.com\/ceipmenuts\/wp-content\/uploads\/2023\/03\/stethoscope-medical-tool.png 512w\" sizes=\"(max-width: 150px) 100vw, 150px\" \/>\t\t\t\t\t\t\t\t<\/a>\n\t\t\t\t\t\t\t\t\t\t\t\t\t\t\t<\/div>\n\t\t\t\t<\/div>\n\t\t\t\t<div class=\"elementor-element elementor-element-17278a3 elementor-widget elementor-widget-text-editor\" data-id=\"17278a3\" data-element_type=\"widget\" data-widget_type=\"text-editor.default\">\n\t\t\t\t<div class=\"elementor-widget-container\">\n\t\t\t\t\t\t\t<p>Servicio m\u00e9dico especializado que incluye consultas m\u00e9dicas, recomendaciones de salud, nutricionista y escuelas de padres para las familias<\/p>\t\t\t\t\t\t<\/div>\n\t\t\t\t<\/div>\n\t\t\t\t\t<\/div>\n\t\t<\/div>\n\t\t\t\t\t\t\t<\/div>\n\t\t<\/section>\n\t\t\t\t\t\t\t<\/div>\n\t\t","protected":false},"excerpt":{"rendered":"<p>Conoce nuestra escuela Conoce nuestra escuela Ven a conocer nuestros ambientes y a nuestro equipo. Visita nuestras instalaciones Servicios del centro Nuestra escuela sigue el calendario escolar de la Conselleria de Educaci\u00f3n de Valencia , Este va de septiembre a junio. Ofrecemos sesiones de\u00a0acompa\u00f1amiento\u00a0para ni\u00f1os y ni\u00f1as en su desarrollo, tanto\u00a0f\u00edsico, emocional y psicol\u00f3gico. Los [&hellip;]<\/p>\n","protected":false},"author":1,"featured_media":0,"parent":0,"menu_order":0,"comment_status":"closed","ping_status":"closed","template":"elementor_header_footer","meta":[],"_links":{"self":[{"href":"https:\/\/2m-entornosinteractivos.com\/ceipmenuts\/index.php\/wp-json\/wp\/v2\/pages\/9"}],"collection":[{"href":"https:\/\/2m-entornosinteractivos.com\/ceipmenuts\/index.php\/wp-json\/wp\/v2\/pages"}],"about":[{"href":"https:\/\/2m-entornosinteractivos.com\/ceipmenuts\/index.php\/wp-json\/wp\/v2\/types\/page"}],"author":[{"embeddable":true,"href":"https:\/\/2m-entornosinteractivos.com\/ceipmenuts\/index.php\/wp-json\/wp\/v2\/users\/1"}],"replies":[{"embeddable":true,"href":"https:\/\/2m-entornosinteractivos.com\/ceipmenuts\/index.php\/wp-json\/wp\/v2\/comments?post=9"}],"version-history":[{"count":384,"href":"https:\/\/2m-entornosinteractivos.com\/ceipmenuts\/index.php\/wp-json\/wp\/v2\/pages\/9\/revisions"}],"predecessor-version":[{"id":2858,"href":"https:\/\/2m-entornosinteractivos.com\/ceipmenuts\/index.php\/wp-json\/wp\/v2\/pages\/9\/revisions\/2858"}],"wp:attachment":[{"href":"https:\/\/2m-entornosinteractivos.com\/ceipmenuts\/index.php\/wp-json\/wp\/v2\/media?parent=9"}],"curies":[{"name":"wp","href":"https:\/\/api.w.org\/{rel}","templated":true}]}}